8 + 0 + -2.
13
Suppose -5*k + 3*k = -4*z + 60, 0 = 4*z - 3*k - 56. Suppose -5*r + 13 = 28. Let a = z + r. What are the prime factors of a?
2, 7
List the prime factors of ((-76)/10)/(8/(-20)).
19
Let j = 0 - -2. Suppose 13 = j*y - 5. Suppose -p + f - 1 = -y, -2*p + 12 = 2*f. What are the prime factors of p?
7
What are the prime factors of 84*12*9/48?
3, 7
Suppose 0 = 3*f + 2*z - 20, -4*f + 4 = -0*z - 3*z. Suppose 4*s = 5*s - 3*a - 24, -f*s + 60 = -3*a. What are the prime factors of s?
2, 3
Let y(k) = 2*k - 4. Let f be y(4). Suppose 0 = -4*g - 2*x + 28, -2*x - 16 = -f*g - 7*x. What are the prime factors of g?
3
Let k(u) = u**3 - 11*u**2 + 3*u - 11. List the prime factors of k(11).
2, 11
Let x = -26 + 59. What are the prime factors of x?
3, 11
Let n be 0 + (6 + -2)/2. Suppose -l = n*d - 2 - 5, 0 = 4*l + d - 49. List the prime factors of l.
13
Let t = 16 - 10. Let w = 41 + t. List the prime factors of w.
47
What are the prime factors of 6/3 - (-144 - 9)?
5, 31
Let n be 23/3 + 4/(-6). Let o = n + 6. What are the prime factors of o?
13
Let d be (-4 - -1)/(3/4). Let q = 4 + d. What are the prime factors of (-2)/(-3)*(q - -12)?
2
What are the prime factors of 7/((5/29)/5)?
7, 29
Let f = 81 - 17. What are the prime factors of f?
2
What are the prime factors of (-6)/((-5)/(420/9))?
2, 7
Let i(h) = -6*h**3 + 2*h - 1. Let b be i(1). Let l be 14*((-15)/(-6) - 2). Let g = l + b. List the prime factors of g.
2
Suppose 5*k = 3*w + 635, k + 3*w - 155 = -28. List the prime factors of k.
127
Let f(w) = 21*w + 4. Let k be f(-4). List the prime factors of k/(-6)*6/5.
2
Let d(w) = w**2 + 4*w + 3. What are the prime factors of d(0)?
3
Let n(h) = 77*h**2 + 9*h + 10. List the prime factors of n(-2).
2, 3, 5
Let x be (-3)/6*(-9 + 7). Let l(f) = 6*f**2 - 2*f - f**2 + 9*f**2 + 1. List the prime factors of l(x).
13
Suppose -5*t - 8 = -t. Let q(v) = -3*v - 1. Let g be q(t). List the prime factors of 1*g*(-4 + 5).
5
Let h be (-2)/3 + (-26)/6. Let r(k) = -9*k + 2*k - 1 - k**2 - 2 + 0*k. List the prime factors of r(h).
7
Suppose c + 2 = -c. Let d = 3 + c. List the prime factors of (-2)/(-2) + 13 - d.
2, 3
Let z = 10 + 69. List the prime factors of z.
79
Suppose 3*q + 6 = 5*q. Suppose -v + 44 = q*v. What are the prime factors of v?
11
Suppose 2*b - 3*u + 12 = 0, -2*b - 4*u + 6 = -3*b. Let m = b - -3. What are the prime factors of (m/4)/(1/(-12))?
3
Let u(k) be the first derivative of -k**3/3 - 2*k**2 + 2*k - 4. Let z be (-2)/(-5)*(-11 + 1). List the prime factors of u(z).
2
Let m = 170 + -34. What are the prime factors of m?
2, 17
Suppose 18 = 7*l - 24. What are the prime factors of l?
2, 3
List the prime factors of 50 - 1 - (3 + 1 + -5).
2, 5
Let n be ((-2)/5)/((-4)/20). Suppose 3*u - 4*u - 21 = -n*c, 5*u = -5*c + 30. What are the prime factors of c?
3
Suppose -4*m + 167 = -161. List the prime factors of m.
2, 41
Let z(r) = r**3 + 19*r**2 - 13*r + 5. List the prime factors of z(-19).
2, 3, 7
Suppose 5*o - 4 - 1 = 0. Let c be (15/(-12))/(o/8). Let h = c + 17. List the prime factors of h.
7
Suppose -5*d + 5*f + 61 = 261, -4*f - 8 = 0. Let a = -30 - d. What are the prime factors of a?
2, 3
Let x(p) = -p**2 + 4*p. Let m be (-1 - 5)/(6 + -8). What are the prime factors of x(m)?
3
Suppose 0 = 3*h + 3*c + 15, 2*c + 12 = -c. Suppose -d + 30 = 5*f - 2*d, -32 = -f - 5*d. Let u = h + f. List the prime factors of u.
2, 3
Suppose -2*c = 1 - 7. Suppose -2*l + 3 = -l - c*g, 5*l = -3*g + 15. Suppose 4*d + 11 + 10 = l*b, 0 = -b - 3*d + 7. What are the prime factors of b?
7
Let y = 10 - 10. Suppose 41 = a - 5*m, a + m - 5*m - 38 = y. List the prime factors of a.
2, 13
Let h(t) be the third derivative of t**4/8 + t**3 - 2*t**2. Let z be h(5). Let i = z + -11. What are the prime factors of i?
2, 5
Let w(z) = z**3 + 5*z**2 - 5*z - 2. Let m be w(-6). Let u = -6 - m. Suppose -s = 2*f - 5*s - 12, u*f - 3*s - 15 = 0. List the prime factors of f.
2, 3
List the prime factors of (-1)/(-1)*(11 - -2).
13
Suppose 0 = 5*v - 16 - 19. Suppose v + 7 = w. What are the prime factors of w?
2, 7
Let m be (-8)/36 - (-2)/9. Let q be 27/(-6)*4/(-6). Suppose 0 = -5*d - 5*y + 45, m*y + 3 = 2*d - q*y. List the prime factors of d.
2, 3
Let p(s) = -s**2 - 3*s + 3. Let q be p(-4). Let n = -53 - -74. What are the prime factors of q/(-2) - n/(-2)?
11
Let d be 39/2*20/(-15). Let n = d + 38. List the prime factors of n.
2, 3
Let s(g) = -g**2 - 1. Let f(l) = 2*l**2 + 10*l - 7. Let o(z) = -f(z) - s(z). List the prime factors of o(-10).
2
List the prime factors of (-53)/(-5) - 2/(-5).
11
Let i(k) = -2*k + 1. Let n = 14 + -21. What are the prime factors of i(n)?
3, 5
Let z be ((-8)/2)/(2*-1). Let d = z - -6. Suppose d = -4*m + 36. What are the prime factors of m?
7
Let l(k) = -k + 10. Let x be l(-6). Suppose -4*b - 5*d = 4, 3*d - 3 = b - 2. Let h = x - b. List the prime factors of h.
17
Let j(u) = 5*u**2 + 6*u + 9. What are the prime factors of j(-4)?
5, 13
Let m(d) = 3*d**3 - 4*d**2 + 2*d + 3. Let z be m(3). Suppose 2*w - 20 = z. List the prime factors of w.
37
Let g be 9/(-6) - (-291)/6. Let i = -18 + g. List the prime factors of i.
29
Let c(a) be the first derivative of 2*a**3/3 + 11*a**2/2 - 6*a - 6. What are the prime factors of c(-8)?
2, 17
Let a(j) = -4*j**3 + 5*j**2 - 5*j - 2. Let c(x) = x**3 - x. Let o(h) = -a(h) - 3*c(h). List the prime factors of o(5).
2, 3, 7
Let r(c) = c + 9. Let l be r(0). Let m = -6 + l. List the prime factors of m.
3
Suppose 3 = -3*p, 3*p - p + 87 = 5*x. List the prime factors of x.
17
Suppose -15 - 49 = -2*p. List the prime factors of p.
2
Suppose -2*s = 2*s - 32. Suppose -4*i + s = -0*i. List the prime factors of (i - (-8)/(-2)) + 4.
2
Let o(k) = -3*k**3. Let r be o(2). List the prime factors of 1*r/3*-2.
2
Let b = -58 - -113. What are the prime factors of b?
5, 11
Suppose -t = -6*t. Suppose 0*r - 4*n = 2*r - 82, 0 = 2*r - 5*n - 64. Suppose -4*l + r - 9 = t. List the prime factors of l.
7
Let v(n) = -n**3 + 3*n**2 - 4*n + 4. Let c be 1/(-3) - 10/15. Let x(h) = -h**3 - h**2 - h - 1. Let y(p) = c*v(p) + 2*x(p). What are the prime factors of y(-6)?
2, 3
Suppose 5*p - 5*n - 341 = 239, 5*p - 548 = -3*n. List the prime factors of p.
2, 7
Let c(g) = 7*g**3 + 14*g**2 - 15*g - 29. Let n(f) = -4*f**3 - 7*f**2 + 7*f + 15. Let w(u) = 3*c(u) + 5*n(u). What are the prime factors of w(-8)?
2
Let g = 5 - 13. Let x be (1 - -1)/(g/(-20)). List the prime factors of -4*1*(4 - x).
2
Let x be 34/(-10) - 8/(-20). Let k(y) = y**3 + 3*y**2 - 3*y + 2. What are the prime factors of k(x)?
11
Let f = -2 + 4. Let j(y) = y**3 - y**2 - 2*y + 2. What are the prime factors of j(f)?
2
Let h(m) = -32*m + 4. What are the prime factors of h(-2)?
2, 17
Let k(j) = j**3 - 14*j**2 + 3*j + 16. Let y be k(14). Let r = y + -34. List the prime factors of r.
2, 3
Let b(k) be the first derivative of k**5/20 + 7*k**4/12 + k**3/2 - 5*k**2/2 - k + 3. Let a(i) be the first derivative of b(i). List the prime factors of a(-6).
13
List the prime factors of 920/30 + (-2)/(-6).
31
Suppose m - 25 = -0*x + 4*x, -5*x = -3*m + 33. List the prime factors of (-14)/4*24/x.
2, 7
Suppose 0 = 2*p + p + 24. Let j = 35 + p. List the prime factors of j.
3
What are the prime factors of (-8)/(-5)*35/14?
2
Suppose 5*z = 3*z - 6. What are the prime factors of (6 + z)/(9/30)?
2, 5
Suppose 5*n = -3*m - 0 + 17, 0 = -5*n + 5. Let f(h) = h - 7. Let z be f(m). List the prime factors of (-2 + z)*2/(-2).
5
Suppose 2*l = 3*f - 290, -6*l + l + 475 = 5*f. What are the prime factors of f?
2, 3
Let k = -3 - 2. Let h = 5 + k. Let t(x) = -x**3 - x**2 + 7. What are the prime factors of t(h)?
7
Let q(v) = v**3 - 19*v**2 - 13*v - 1. What are the prime factors of q(20)?
139
Let n = 22 - -15. List the prime factors of n.
37
Let g(d) = 2*d**2 - d - 5. Let y be (4/6)/(4/30). Let n be g(y). Suppose -2*z = -7*z - 5*v + n, z + 17 = 4*v. List the prime factors of z.
3
Let w(m) = m**3 + 9*m**2 + 5*m - 4. Let n be w(-8). What are the prime factors of 56/n + 3/15?
3
Suppose 5*z - z - 96 = 0. Suppose 4*t - 5*r = 123, 3*t = 4*t + r - z. What are the prime factors of -18*-3*6/t?
2, 3
What are the prime factors of (-6)/(-4) - 43/(-2)?
23
Let p(w) = w**3 - 6*w**2 + w - 7. Let k be p(6). Let z = 1 - k. Suppose 2*y - z = 20. List the prime factors of y.
11
Let h(g) = 4*g - 2. Let n(w) = -3*w + 1. Le